**3 + 10*a**2. What is c(10)?
4
Let x = 34 + -101/3. Let u(q) be the first derivative of 5*q - x*q**3 - 2 - 2*q**2. Calculate u(-5).
0
Let j = 3 - 0. Suppose -6 + 2 = -b + j*d, 3*b - 4*d = -3. Let t(v) be the second derivative of v**5/20 + v**4/3 - v**3 - 3*v**2 + 3*v. Calculate t(b).
-1
Let t(n) = -n**2 + n - 1. Let b(r) be the first derivative of r**4/4 + 5*r + 2. Let z(f) = -b(f) - t(f). Calculate z(0).
-4
Let c(i) be the first derivative of i**4/4 + 3*i**2/2 - i - 1. Let j = 343 + -341. Give c(j).
13
Let g(v) be the first derivative of -v**3/3 + 5*v**2/2 + 4*v + 2. Suppose -17 = -2*n - 5. Determine g(n).
-2
Let v be ((-6)/(-4))/((-24)/(-80)). Suppose v*f - 16 = -1. Let c be (-8)/(-10)*(-15)/f. Let b(t) = t**3 + 4*t**2 + 2*t + 3. Determine b(c).
-5
Let l(j) be the third derivative of -j**4/3 - j**3/2 - 12*j**2 + 1. Let q = -4 - -2. Give l(q).
13
Let y = 5 - 0. Let k = y - 5. Let a(i) = -i**3 - 1. Give a(k).
-1
Let y(j) = -2 + 0 - 2*j**2 + 3 + 0*j**2. Let r = -4 - -3. What is y(r)?
-1
Suppose 4*j + 16 = -0*j. Let w be (-5)/((-15)/9) - 2. Let t = w + j. Let k(h) = -h**3 - 3*h**2 - 2. What is k(t)?
-2
Let m(b) be the second derivative of 1/20*b**5 + 1/6*b**3 + 0 + 3*b**2 - 6*b - 1/12*b**4. Determine m(0).
6
Let f be 0 - (-39 - -3)/2. Let a be 160/90 - (-4)/f. Suppose -2*l = -o - 1, -2*o - l - a = -4*l. Let m(n) = -8*n**3 + 2*n**2 - 1. Calculate m(o).
9
Let u be (-8)/(-6)*6/4. Let t(j) = 4*j**2 + 0*j**u - 3*j**2 + 1 - j + 2*j**2. Give t(1).
3
Suppose 5*x - 3*h + 8*h = 10, 0 = 4*x + 3*h - 8. Let u(k) = 2*k**2 + 5 + k**2 + k**x + 3*k - 6*k**2. Determine u(4).
-15
Let o be 3*(0 - 2 - -1). Let d be (0 - o)*4/6. Let i(z) = d*z - 5*z - z**2 - 1 + 5*z. What is i(3)?
-4
Let v = 10 + -12. Let b(u) = -u**3 + u**2 + 3*u + 1. Determine b(v).
7
Let m(x) be the second derivative of x**4/2 + x**3/6 + 34*x. Calculate m(-1).
5
Let u(y) be the third derivative of -y**8/1680 + y**7/2520 - y**4/24 + y**2. Let r(t) be the second derivative of u(t). Determine r(-1).
5
Let t(z) = -z**2 + 7*z - 2. Suppose -31 - 32 = -9*g. Determine t(g).
-2
Let z(s) = 4*s**3 - 2*s**2 + 10*s - 2. Let u(b) = b**3 - b**2 + b. Let f be (-8 - (-1 + -2))/1. Let c(j) = f*u(j) + z(j). Give c(4).
2
Let d(t) = -6*t - 3*t + 2*t. Let p(v) = v - 1. Let u(b) = -d(b) - 4*p(b). Suppose -19*w - 16 = -15*w. Determine u(w).
-8
Let q(a) = 4*a - 5 - 3*a + 3 + 1. Calculate q(3).
2
Suppose 9 = 4*h - h. Let v(f) = -2 + 3*f**2 - f**h + 2*f**2 - 5*f**2. Give v(-2).
6
Suppose 0*w - 12 = 2*w. Let y(z) = -2*z + 22. Let h(l) = l - 11. Let m(t) = 13*h(t) + 6*y(t). Let n(r) = -r + 11. Let c(q) = w*m(q) - 5*n(q). Determine c(5).
6
Let t = 2 + -1. Let d(k) = t - k - k + k. Give d(2).
-1
Suppose 0*h = 5*h - 20. Let s(u) be the first derivative of u**4/4 - 5*u**3/3 + 5*u**2/2 - 2*u - 9. Give s(h).
2
Let b(l) = -l**3 + 8*l**2 + 3*l - 11. Let d be b(8). Suppose 2*v + 2 = a - 2, -5*a = v + d. Let r(c) = -c**3 - 4*c**2 - 2*c + 3. What is r(v)?
0
Let u(d) = -d + 2. Let y be (-26)/(3 - (-1 + 2)). Let w = -10 - y. What is u(w)?
-1
Let k(o) = -4*o**2. Let n be k(-1). Let f(h) = -h**2 - 4*h - 3. What is f(n)?
-3
Let q = -29 + 24. Suppose 12 = d + 2*d. Let g(p) = 2*p - 3*p - 3 + d. Give g(q).
6
Let q be (22/8 + -2)*4. Let x(v) = -5 - 12*v - 6*v**2 + v**q + 2 + 0 + 19*v. What is x(5)?
7
Suppose -2*l = 1 + 9. Let u(y) be the second derivative of 2*y**2 + 2*y - 1/6*y**3 + 0. Calculate u(l).
9
Suppose -5*q = 12 - 32. Let g(j) be the first derivative of j**3/3 - j**2 + j - 4. Calculate g(q).
9
Let c(f) = 3*f + 1. Let r = 0 - -4. Let a(g) = -g**2 - 4*g - 1. Let u(q) = r*c(q) + 3*a(q). Calculate u(1).
-2
Let c(z) be the first derivative of -2*z**2 + 2. Suppose -3*n - 18 = -3*w, 2*w + 2 + 1 = -n. Determine c(w).
-4
Let d(a) be the third derivative of a**5/60 + 6*a**2. Calculate d(0).
0
Let s(m) = -m - 2. Let h be s(-4). Suppose h*j + 4*d = -0*j + 12, -d + 3 = j. Let p(u) = u - 10. Give p(j).
-10
Let l(y) be the second derivative of -1/12*y**4 - 3/2*y**2 + 0 - 1/3*y**3 - 4*y. Give l(-4).
-11
Let g = 0 - -3. Let p(i) = 5 + 2*i**2 - g*i**2 + 8*i - 6*i. Suppose -2*t - 12 = 2*t, 4*k + t = 13. Calculate p(k).
-3
Let z(o) be the third derivative of -5*o**4/8 - 10*o**2. Calculate z(1).
-15
Let v(h) be the first derivative of h**5/20 + h**4/4 + h**3/6 + 4*h - 3. Let t(c) be the first derivative of v(c). Determine t(-2).
2
Let u(r) be the first derivative of -r**4/12 - 5*r**3/6 + 3*r**2 + 2. Let q(s) be the second derivative of u(s). What is q(-4)?
3
Let q(s) = -s - 1. Let z(t) = 4*t + 7. Let i(r) = 3*q(r) + z(r). Calculate i(-5).
-1
Let l(v) = 2*v**2 + v + 1. Let f be l(-1). Let y(h) = -3*h - 6 - h**3 - 4*h**f + 3 - 2*h - 1. What is y(-3)?
2
Let w(k) be the first derivative of k**4/4 - 2*k**3 - 5*k**2/2 - 10*k + 4. Suppose -16 = -2*c - 2. Determine w(c).
4
Let k(o) = o - 1. Suppose 2*j = 5*n + 3, -2 - 2 = -4*n. Suppose p - 3 - 11 = 5*l, p = -4*l - j. Let b be k(l). Let c(g) = -2*g**2 - 4*g. Calculate c(b).
-6
Let q(x) = x**3 + 5*x**2 - 2*x - 4. Let y be 1/((-12)/(-4))*-15. Determine q(y).
6
Let x(m) = -7 + 11 + m**2 + 5*m - 2*m**2. Let i = 12 + -6. Calculate x(i).
-2
Let o(a) = -a**3 - 7*a**2 - 6*a + 6. Let v be 2*(-2)/(8/(-10)). Suppose -v*g + 4*q - 18 = 0, -4*g - 36 = q + 3*q. Determine o(g).
6
Let v(j) be the third derivative of j**6/120 + j**5/15 + j**4/8 - 12*j**2. What is v(-3)?
0
Let t(j) = -3*j**3 - j**2 + 3*j + 1. Let z(h) = -h + 7. Let f be z(2). Suppose f*a = 5*g - 15, -16 + 5 = 5*a - g. What is t(a)?
15
Let c(o) = -o**3 + o**2 + o + 2. Suppose h = -h - 0*h. Give c(h).
2
Let q(d) = 2*d - d**2 + 2 + 0*d**2 + 1. Let o be q(4). Let m(r) = -r - 1. Let t be m(o). Let p(s) = s**3 - 5*s**2 + 3*s + 5. Calculate p(t).
1
Suppose -4*q - 24 = 2*b, -3*b + 44 = -2*q - 2*q. Let d be (-2)/q + (-3)/(-4). Let m(v) = 5 + d - v + 0*v. Determine m(3).
3
Let t(j) be the second derivative of j**4/12 + j**3/3 + j**2 - 9*j. Suppose -1 = x + 5. Let k be ((-2)/4)/((-1)/x). Determine t(k).
5
Let v(j) be the first derivative of -11 + j - 2/3*j**3 - 1/2*j**2. Calculate v(1).
-2
Let l(u) be the third derivative of u**4/12 - u**3/6 + 5*u**2 - 3*u. Calculate l(9).
17
Let m(v) be the first derivative of v**2/2 - 7. Let u(h) = -5*h - 1. Let z(o) = -4*m(o) - u(o). Give z(-3).
-2
Let d(r) = 6*r + 17. Suppose -10*j = -14*j + 12. Let b(y) = -2*y - 6. Let m(t) = j*d(t) + 8*b(t). Let v be ((-1)/(-1))/(2/(-4)). What is m(v)?
-1
Let g(v) = -v**3 - v + 1. Let z(c) = -2*c - 5. Let f be z(-3). What is g(f)?
-1
Suppose -20*k + 23*k = -6. Let v(a) be the first derivative of a**3/3 - a + 1. What is v(k)?
3
Let x(t) = -4*t**2 - 6*t - 3. Let p(d) = 9*d**2 + 13*d + 6. Let y(w) = 3*p(w) + 7*x(w). Determine y(-3).
-3
Let l(r) = -7*r - 4. Let p(u) = 8*u + 4. Let s(k) = -5*l(k) - 4*p(k). Let t be 8/4 + (2 - 2). Suppose 0*x - 2*i - 1 = -x, -4*x - t*i = 16. What is s(x)?
-5
Suppose 2*q - 6 = -0*q. Suppose q*i - 2 = 10. Let o(y) = 1. Let w(b) = b. Let l(a) = i*w(a) - 3*o(a). Calculate l(2).
5
Let o(q) = -7*q - 2. Let g(k) = k**2 - 4*k + 1. Let u be g(3). Calculate o(u).
12
Suppose -5*b + 15 = s - 10, -3*b = 3*s - 15. Let q(c) = -12 + 5*c**2 + 4 + 7 + c**3 + b*c. Suppose -3*u - r - 12 = -5*r, 3*u - 2*r = -12. Determine q(u).
-5
Let w(m) = -m**2 - 3*m - 3. Let f = 8 + -5. Suppose -f*g + 4 - 10 = 0. Determine w(g).
-1
Suppose -10*a - 9 = 11. Let h(v) = -6*v**2 + 2. Give h(a).
-22
Let m(o) = o**3 + 7*o - 1. Let l(z) = -z**3 - 6*z. Let s(i) = -6*l(i) - 5*m(i). What is s(0)?
5
Let m = 2 - -5. Let q(c) = -c**3 + 8*c**2 - 7*c + 7. Determine q(m).
7
Let n(o) = o**2 + 5*o + 4. Let s(q) = q**3 - 3*q - 3. Let b be s(-2). Let v be n(b). Suppose -4 = v*x - 3*x. Let w(z) = z**2 + 5*z + 1. Determine w(x).
-3
Suppose 0*y = 3*i - 2*y - 1, 1 = -i + y. Suppose 5*o - 4*o + n = -6, -i*o - 2*n - 16 = 0. Let d(k) = 2*k + 6. Calculate d(o).
-2
Suppose -3*s - 3*s = 0. Let p(m) = m**2 + m - 6. Determine p(s).
-6
Suppose 20 = -60*b + 64*b. Let y(d) = d + 2. Calculate y(b).
7
Let j(g) = -g**2 - 8. Let r(s) = s**3 + 7*s**2 - 8*s. Let h(x) = -x**3 - 6*x**2 + 2*x + 4. Let w be h(-6). Let z be r(w). What is j(z)?
-8
Suppose 0*i = -i + 2. Let s(o) = -o**i + 0*o**2 + 6 - 10 + o**3 - 2*o**2 + 3*o. What is s(3)?
5
Let k be (-290)/(-15) - 2/6. Suppose -k = -2*y + 3*y + 3*x, -4*y - 6 = -2*x. Let b(q) = -q**3 - 3*q**2 - 4. Dete